 prime factors of i?
2, 17
Let i(a) = -a + 4. Let f be i(8). Let m be 1 + f*(-9)/12. Suppose -65 = -m*s + s - 2*x, 4*s - 92 = -4*x. List the prime factors of s.
19
Let k(o) = -o**3 - 12*o**2 - 4*o - 5. List the prime factors of k(-12).
43
Let m(a) = -a**3 - 2*a**2 - 2*a + 5. What are the prime factors of m(-4)?
3, 5
Suppose d = -2*d + 6. Suppose 45 = 5*y - 5*k, -3*y - d*k = -2*y. List the prime factors of y.
2, 3
List the prime factors of (3 - 15/6)*124.
2, 31
Suppose -3*y + 6 + 128 = -5*l, 3*y - 122 = 2*l. Suppose -3*s = 6, 2*x - y = 2*s + 30. What are the prime factors of x?
2
Let x = -12 - -31. Suppose -5*c + u = -x, -2*c = u - 7 - 2. Suppose -3*b - 8 = -h, -h - 36 = -c*h - 3*b. What are the prime factors of h?
11
List the prime factors of (0 - -59)*(-4 - 1 - -6).
59
Let k(f) = -f**2 - 3*f + 2. Let n(a) = 3*a**2 + 7*a - 5. Let d(b) = 7*k(b) + 3*n(b). What are the prime factors of d(-3)?
17
Let r(o) = -o**3 - 2*o**2 - 3*o - 3. Let s be r(-2). Suppose s*h - 4 = -13. Let n(f) = -2*f + 1. List the prime factors of n(h).
7
Let f(j) = j**3 - 8*j**2 - 9*j + 10. Let r = 14 - 5. List the prime factors of f(r).
2, 5
Let n(m) = m**2 - 12*m + 2. Suppose 8*w + 48 = 12*w. What are the prime factors of n(w)?
2
Let m = 35 + 3. What are the prime factors of m?
2, 19
Suppose 0 = t - 19 - 9. What are the prime factors of t?
2, 7
Let t be 1 - (-9)/(-3) - -18. Suppose a = -0*a + t. What are the prime factors of a?
2
Suppose 7 = 5*p - 8. Let r(i) = -i - i + i + p. What are the prime factors of r(-3)?
2, 3
Let i(n) = n**3 + 9*n**2 + 7*n - 2. List the prime factors of i(-6).
2
Let t(m) = 2*m**2 + 9*m + 10. List the prime factors of t(-9).
7, 13
Let m(i) = 2*i - 7. Let f be m(5). Suppose -4 = -f*l - 5*j, -36 = -0*l - 5*l - j. List the prime factors of l.
2
List the prime factors of (-4)/((-4)/145)*15/25.
3, 29
Suppose 2*z - 12 = 4*f, 2*z - 2*f - 5 = 5. Let d(t) = 3*t**2 - 4*t + 2. Let h be d(2). Suppose -z = -p - s, h*s = 4*p + 2*s. List the prime factors of p.
2
Let d = -1 - 4. Let h be 11/3 + d/(-15). Suppose 20 = 3*g - 5*c + 3*c, 2*g - h*c = 0. What are the prime factors of g?
2, 5
Suppose r - 4*b - 110 = 0, -b = 4*r + b - 368. List the prime factors of r.
2, 47
Suppose -2*p - 54 = -4*f, -3*f + 90 = -0*p - 3*p. Let v = p - -49. What are the prime factors of v?
2
Suppose -31 - 15 = -l. List the prime factors of l.
2, 23
Let m = -4 - -8. Suppose m*c = -4*b, c + 10 = -3*b + 4. What are the prime factors of c?
3
Let g(b) = -7*b + 2. Let u be g(-4). Let a(f) = -2*f**2 - 6*f + 1. Let s be a(-5). Let z = s + u. List the prime factors of z.
11
Suppose k = -2*k. List the prime factors of (-12)/(-3) - (k - -2).
2
Let z = 35 - 75. Let y be z/25*2*5. List the prime factors of y/24 - 34/(-6).
5
Let g = -8 - -73. List the prime factors of g.
5, 13
Let s be 298/4 - (-3)/6. Suppose -s = -4*i - 15. Let h = i + -11. What are the prime factors of h?
2
Let k(c) be the second derivative of -2*c + 9/2*c**2 + 0 + 1/6*c**3. List the prime factors of k(0).
3
Suppose 15 = 3*k, u = -0*k - 4*k + 25. Suppose -u*m - 3 + 38 = 0. What are the prime factors of m?
7
Let f(c) = -c**3 - 5*c**2 - 4*c - 2. Suppose -13 = 2*s - 3. What are the prime factors of f(s)?
2, 3
Let o(r) be the first derivative of r**4/4 + 8*r**3/3 + 7*r**2/2 + 2*r - 1. Let j be o(-7). Suppose z + j*z - 24 = 0. List the prime factors of z.
2
Let j be (5 + -8)/(3/(-2)). Suppose 4 = j*l - 2. List the prime factors of l.
3
Let y = 51 - 33. What are the prime factors of y?
2, 3
Let i(r) = 8*r**2 + 70*r - 9. What are the prime factors of i(-11)?
3, 7
Let l be (2 + -3)/1 + 5. Suppose m = 4*y - l*m - 2, -2 = 3*y - 2*m. List the prime factors of 6 + (-4)/(1*y).
2
Let h(u) = 2*u + 4. Let d be h(5). Let v = 27 - d. What are the prime factors of v?
13
Let x(m) be the third derivative of -7*m**6/40 - m**5/30 - m**4/24 - m**3/6 + 6*m**2. List the prime factors of x(-1).
19
Suppose 14*p = 7*p + 945. What are the prime factors of p?
3, 5
Let b(o) = 21*o + 1. Let z be b(-1). Let s be 24/15*z/(-8). Suppose 0 = -4*r - s, -6 = 3*w - 4*w - 2*r. What are the prime factors of w?
2
Let t = -5 - -6. Let o(d) = 0*d - 1 + t + d. List the prime factors of o(2).
2
Let b be (4 - 1)*(2 - -3). Suppose 5*o + 32 = 2*g, 2*o + g = -2*o - 23. Let m = b + o. What are the prime factors of m?
3
Let f(o) = -4 + 0 + 2*o - 2. Let p be f(5). Suppose 3*s - p = 5. List the prime factors of s.
3
What are the prime factors of (-381)/(-12) + (-1)/(-4)?
2
Let j be (8 - 9)/(2/(-4)). Suppose j*g + 18 = -6. What are the prime factors of (g/10)/(6/(-20))?
2
Let p = 2 + 2. List the prime factors of p.
2
Let w(h) = -26*h + 2. What are the prime factors of w(-1)?
2, 7
Let i(h) = 3*h**2 - 24*h - 15. Let g(j) = -5*j**2 + 36*j + 23. Let q(m) = -5*g(m) - 8*i(m). List the prime factors of q(-12).
5
Let j(d) = -d**3 + 7*d**2 - 4*d. Let u(v) = v**3 - 4*v**2 - 4*v. Let t be u(5). Let o be j(t). What are the prime factors of (o/(-5))/(1*-1)?
2, 3
Let v(w) = -w**3 - 6*w**2 + 4. Let q be v(-6). Let c(l) = l**3 - 2*l**2 - 4*l - 2. Let r be c(q). Let z = 29 - r. List the prime factors of z.
3, 5
Suppose -4*d = -3*g - 34, -g + 5*d = -0*d + 26. Let v(j) = j**3 + 6*j**2 + j + 8. Let x be v(g). Suppose 0 = -3*y + x*y + 8. What are the prime factors of y?
2
Suppose -5*g + 10 = -5*h - 2*g, 9 = -h + 2*g. Let d = 62 - 79. Let r = h - d. List the prime factors of r.
2, 3
Let g(i) = 38*i**2 - i. What are the prime factors of g(1)?
37
Let t(k) = k**3 - 5*k**2 + 3*k - 4. Let h be t(4). Let i be h/(-44) + 68/(-11). Let z = i + 10. What are the prime factors of z?
2
Suppose 2*k + 4*d - 18 = 0, 2*k + 3*k - 32 = 3*d. What are the prime factors of k?
7
Let o(h) = -4*h + 2. Let r = -10 - -8. What are the prime factors of o(r)?
2, 5
Let z = -44 - -63. What are the prime factors of z?
19
Let g(q) = -2*q - 7. Let r be g(-6). Let z = -1 + r. Suppose 3*n - 2*b - 36 = -2, n + z*b = 16. List the prime factors of n.
2, 3
Let r(g) = -4*g**3 - g**2 + 1. Let l(o) = o**3 + 17*o**2 - o - 18. Let t be l(-17). What are the prime factors of r(t)?
2
List the prime factors of 14/49 + 0 + (-724)/(-14).
2, 13
Suppose 2*j + 2*d - 183 = 5*d, 0 = 4*j + 2*d - 406. What are the prime factors of j?
3, 11
Suppose -9 = 3*f, -5*z + 258 = -2*z - 2*f. What are the prime factors of z?
2, 3, 7
Let d = -19 - -38. List the prime factors of d.
19
Let z(o) = -7*o - 1. Let p be z(1). Let w = 0 - p. List the prime factors of w.
2
Let s be (-2)/(-6) + (-2)/6. Suppose s*v = -5*v + 5. List the prime factors of ((-4)/10)/(v/(-30)).
2, 3
Let g be 4/(-1 + 3) - 0. Let d(z) = z**3 - 4*z + 3. Let o be d(g). Suppose 10 = -2*m + o*m. List the prime factors of m.
2, 5
Suppose 4*n - 27 = -5*h, n - 4*h - 59 = -2*n. Suppose -3*w + n = -17. What are the prime factors of ((-12)/10)/((-1)/w)?
2, 3
Let m = 1 - 5. List the prime factors of ((-3)/(-6))/((-1)/m).
2
Let f be 22/4*(-8)/4. Let q = -1 - f. What are the prime factors of q?
2, 5
Suppose -5*y + 62 = -103. Suppose y = 2*z + 3*z - 2*k, 5*k + 25 = z. Suppose -17 = -z*m - h, -3*m + 5*h + 18 = 3*h. What are the prime factors of m?
2
Let s be 4 - 4 - (64 - 1). Let v = 37 - s. Suppose -m + 6*m - v = 0. List the prime factors of m.
2, 5
List the prime factors of (-8)/(4/1) - -24.
2, 11
Suppose -3*m + 20 + 10 = 0. Let x = 4 - m. Let p(n) = -n**2 - 8*n + 2. List the prime factors of p(x).
2, 7
Let m(n) = -n**3 + 2*n**2 - 2*n + 1. List the prime factors of m(-3).
2, 13
Suppose 7*k + 4*z + 10 = 2*k, -k = -5*z + 2. Let q = 3 - k. What are the prime factors of q?
5
Let h(a) = a. Let s be (-2)/4*96/(-6). Suppose 0 = -i + 2*i - s. What are the prime factors of h(i)?
2
Suppose 3 = 4*z - 1. Let i be (-5)/(1/(-8)*z). Let t = i + -23. What are the prime factors of t?
17
Let j = -6 + 8. Suppose 7 + 1 = j*c, -4*a - 8 = -2*c. Let d = 2 - a. What are the prime factors of d?
2
Suppose -4*t + 250 = t. Suppose 5*l + 0*l = t. List the prime factors of l.
2, 5
Let y be (-8)/28 + (-46)/(-14). Suppose 2*g = y*g - 7. List the prime factors of g.
7
Let o(v) = -2*v + 2. Let z = -4 + 0. Let y be o(z). Suppose -2*r - 3*r + y = 0. What are the prime factors of r?
2
Let f(i) = -7*i - 29. What are the prime factors of f(-12)?
5, 11
Let m = 15 + -8. Let s = 6 - 4. Suppose -s*z + 11 = -m. List the prime factors of z.
3
What are the prime factors 